is -120000012000 (base 3) in base 10?
-295380
Convert 21341440 (base 6) to base 3.
1012021122020
a46a (base 14) to base 7
145363
194429 (base 11) to base 13
a5c2a
Convert 2133323013 (base 4) to base 9.
1207500
What is -300224341 (base 5) in base 2?
-100100000000101000011
-23031743 (base 8) to base 5
-2234302034
-3700080 (base 9) to base 13
-553b15
What is 121113121123 (base 4) in base 16?
65765b
Convert 188c07 (base 14) to base 13.
24599a
-14059 (base 16) to base 15
-19474
What is 5503d (base 14) in base 16?
3241f
Convert 299285 (base 10) to base 16.
49115
What is -331302210 (base 4) in base 8?
-756244
2673a6 (base 13) to base 4
3203002312
Convert 3347500 (base 8) to base 11.
568a5a
What is 142322662 (base 7) in base 9?
18531444
Convert 22221202211 (base 3) to base 10.
176251
14425054 (base 7) to base 16
14df73
What is -1102002211222 (base 3) in base 2?
-10110111000111010000
Convert 121332311033 (base 4) to base 2.
11001111110110101001111
Convert 12012001012011 (base 3) to base 10.
2756488
What is -33542 (base 6) in base 12?
-28b2
What is 210121111021 (base 3) in base 5?
102102430
-101022002100 (base 3) to base 10
-202725
What is -3177125 (base 8) in base 4?
-3033321111
What is 1533441 (base 6) in base 2?
10110000010000001
Convert -1000112112 (base 3) to base 9.
-30475
Convert -15a45 (base 11) to base 4.
-11200123
22320411 (base 5) to base 15
3db06
116120255 (base 7) to base 5
3333102420
Convert 125651 (base 9) to base 8.
225074
What is 125204503 (base 6) in base 13?
6920ca
-9806758 (base 10) to base 15
-cdaa8d
Convert 1459b76 (base 12) to base 16.
3e984a
Convert -4154402 (base 7) to base 9.
-843182
What is 1486127 (base 9) in base 13?
22b442
Convert -9a399 (base 14) to base 2.
-1011011010010010011
What is -321103321320 (base 4) in base 10?
-15023736
Convert -848037 (base 16) to base 4.
-201020000313
-194168 (base 12) to base 6
-13253012
31a960 (base 15) to base 5
1101131430
What is 29ffc (base 16) in base 2?
101001111111111100
What is 2302610 (base 7) in base 16?
45ff2
What is a8805 (base 12) in base 3?
102021222212
What is -22122221122111 (base 3) in base 6?
-242410404
What is 1000332011 (base 4) in base 10?
266117
Convert -8958 (base 11) to base 10.
-11800
What is -335ea (base 15) in base 5?
-20211340
Convert -1328845 (base 12) to base 16.
-39d0b5
What is 60346026 (base 8) in base 11?
7195246
-4050143 (base 6) to base 3
-100210222100
-55a23 (base 12) to base 14
-2d679
-120032322021 (base 4) to base 10
-6352521
-120222201 (base 4) to base 9
-163520
Convert -11010001011101000011111 (base 2) to base 9.
-13820720
-68915 (base 12) to base 5
-13431203
Convert 344303113 (base 5) to base 7.
16142235
-40334001 (base 6) to base 14
-21c437
Convert 214204314 (base 5) to base 6.
31523325
2001221002 (base 3) to base 6
512432
What is 2c457 (base 14) in base 5?
12014441
Convert 25669 (base 14) to base 4.
112122231
Convert -4645a (base 13) to base 7.
-1042460
What is -372382 (base 9) in base 6?
-4452545
What is 2786349 (base 10) in base 15?
3a08b9
414220231 (base 5) to base 6
100355511
Convert -12207 (base 14) to base 6.
-541035
13112012232 (base 4) to base 9
3554320
What is -1849460 (base 12) in base 3?
-100112212200000
-10011010211200 (base 3) to base 15
-231839
What is -10524401 (base 7) in base 2?
-11011111001000011101
What is 27759 (base 13) in base 8?
220036
-2102022010 (base 3) to base 14
-134c4
What is -1101212112010 (base 3) in base 6?
-23551003
What is -10442 (base 9) in base 6?
-52015
What is -a89152 (base 12) in base 13?
-726380
What is -44302310 (base 6) in base 8?
-5046102
What is 11012011020210 (base 3) in base 15?
2dee03
1060166 (base 7) to base 9
221245
What is -1124300232 (base 5) in base 13?
-6c0879
407885 (base 12) to base 3
1220020122102
Convert 1252441 (base 6) to base 7.
406003
20111212132 (base 4) to base 8
10254636
Convert -343424023 (base 5) to base 16.
-179529
Convert -ac32e1 (base 15) to base 3.
-120110012210111
101330320 (base 4) to base 11
50274
What is -90997 (base 12) in base 4?
-231322003
Convert -25759 (base 15) to base 3.
-20002022110
What is -123313301 (base 4) in base 9?
-183535
20011120333 (base 4) to base 2
1000000101011000111111
Convert -7267504 (base 8) to base 14.
-382dda
What is -100120011020 (base 3) in base 12?
-90ab0
What is 4ae744 (base 15) in base 5?
1404431024
-48330 (base 11) to base 16
-10fe8
What is 106201 (base 10) in base 13?
39454
What is 3096934 (base 11) in base 9?
11234557
Convert -28901 (base 11) to base 2.
-1010000000111100
-17a5d6 (base 14) to base 11
-520674
400221112 (base 5) to base 8
5772555
Convert -1166467 (base 9) to base 11.
-3a3883
Convert -34d6b (base 15) to base 7.
-1300652
1023473 (base 8) to base 6
5500043
-5d9ed (base 15) to base 4
-1021003300
101030312130 (base 4) to base 2
10001001100110110011100
5cb668 (base 14) to base 10
3181564
Convert -b2d80 (base 14) to base 12.
-189318
123002312 (base 6) to base 10
2380004
What is -1011111010010110 (base 2) in base 12?
-2429a
Convert 11011100111000 (base 2) to base 9.
21346
What is -237b2 (base 15) in base 3?
-12202011112
4753443 (base 9) to base 6
131102450
What is 6603575 (base 8) in base 9?
3288800
What is -183035 (base 9) in base 7?
-652436
Convert -94d8a (base 15) to base 14.
-c4112
Convert 92223 (base 10) to base 6.
1550543
What is 20162 (base 13) in base 4?
32000123
What is 243440140 (base 6) in base 15?
61e52c
What is -30034054 (base 6) in base 10?
-844594
What is -5999 (base 11) in base 7?
-31615
What is -1200301220 (base 4) in base 9?
-663665
Convert 132101304 (base 5) to base 4.
2201001323
What is -174ac2 (base 16) in base 5?
-342321331
74201 (base 9) to base 11
33901
-878364 (base 9) to base 8
-2000244
-b406 (base 15) to base 3
-1221011120
What is 418786 (base 13) in base 9?
2785301
d4727 (base 15) to base 14
1374c5
What is 1220312330 (base 4) in base 13?
120656
12212201010 (base 3) to base 16
1c3f2
-1c92b8 (base 15) to base 12
-574b55
What is -188226b (base 13) in base 3?
-120002222201112
Convert 186382 (base 11) to base 6.
10050534
-13303706 (base 8) to base 13
-806211
1b827ab (base 14) to base 8
64372703
1442223000 (base 5) to base 8
16601162
Convert 11000011001001101100 (base 2) to base 7.
6536303
Convert 1b5c97 (base 16) to base 2.
110110101110010010111
Convert 231021330 (base 4) to base 13.
66255
Convert -8a23a9 (base 11) to base 14.
-296078
What is -313401043 (base 5) in base 8?
-4775523
What is -2201211110222 (base 3) in base 6?
-51051555
Convert 41244124 (base 6) to base 12.
493644
Convert 254534330 (base 6) to base 12.
18073a6
67946 (base 14) to base 5
31022110
What is 1053035 (base 9) in base 13?
16aab3
-132401226 (base 7) to base 10
-8538417
-39977 (base 10) to base 11
-28043
-32212 (base 9) to base 7
-116066
16117 (base 13) to base 6
522044
What is 1197236 (base 11) in base 16?
1fa57b
-22335025 (base 7) to base 2
-111011010000011101110
-1012303111 (base 4) to base 16
-46cd5
Convert -25a (base 16) to base 4.
-21122
1314342301 (base 5) to base 6
154131042
Convert -7287c (base 14) to base 13.
-9887a
What is 12b1cc (base 15) in base 2?
11011011010001110111
What is b8323b (base 12) in base 8?
13060617
Convert 11367370 (base 8) to base 4.
21132323320
What is -9a22a (base 11) in base 16?
-237c9
Convert -14603464 (base 8) to base 15.
-460d05
What is 4303ae (base 16) in base 5?
2111014404
120221222202 (base 3) to base 10
314192
6433b (base 12) to base 10
131807
1221122202110 (base 3) to base 5
231131321
607188 (base 9) to base 4
1113302012
What is 3274d (base 14) in base 15?
26302
e074 (base 15) to base 16
b8ff
What is 1101011101000000000 (base 2) in base 14?
b6920
a5042 (base 12) to base 14
58a42
31b03d (base 14) to base 5
412312002
Convert -113566435 (base 7) to base 14.
-d1448c
207921 (base 14) to base 9
2051278
Convert 1043134402 (base 5) to base 4.
20311330112
What is 102552553 (base 6) in base 15?
25de23
Convert -102452334 (base 7) to base 6.
-334153010
-402132 (base 7) to base 10
-67986
-232ab2 (base 12) to base 10
-564902
-10010011110000100 (base 2) to base 3
-10211202221
Convert 1578340 (base 9) to base 2.
11010110100010000100
-38b866 (base 13) to base 10
-1367970
470130 (base 10) to base 4
1302301302
What is 38c09a1 (base 13) in base 9?
36432324
-225b3d (base 14) to base 8
-4352033
-476153 (base 8) to base 3
-2